{"id":11,"date":"2013-09-11T10:36:15","date_gmt":"2013-09-11T08:36:15","guid":{"rendered":"http:\/\/spletna-klinika.si\/zobozdravnik\/?page_id=11"},"modified":"2023-03-03T10:17:51","modified_gmt":"2023-03-03T09:17:51","slug":"zobni-aparat","status":"publish","type":"page","link":"https:\/\/spletna-klinika.si\/ortodont\/zobni-aparat\/","title":{"rendered":"Zobni aparat"},"content":{"rendered":"<h2 style=\"text-align: center;\"><img loading=\"lazy\" class=\"aligncenter size-full wp-image-6610\" src=\"https:\/\/spletna-klinika.si\/ortodont\/wp-content\/uploads\/2018\/04\/ortodont-za-odrasle.jpg\" alt=\"\" width=\"600\" height=\"350\" srcset=\"https:\/\/spletna-klinika.si\/ortodont\/wp-content\/uploads\/2018\/04\/ortodont-za-odrasle.jpg 600w, https:\/\/spletna-klinika.si\/ortodont\/wp-content\/uploads\/2018\/04\/ortodont-za-odrasle-300x175.jpg 300w\" sizes=\"(max-width: 600px) 100vw, 600px\" \/><\/h2>\n<p style=\"text-align: justify;\">\n<h2><span style=\"color: #33cccc;\">Kako obdr\u017eati zobe na \u00bbpravem\u00ab mestu po ortodontskem zdravljenju?<\/span><\/h2>\n<p><span style=\"font-size: 12pt; color: #333333;\">\u010cestitamo! Uspe\u0161no ste zaklju\u010dili <strong>ortodontsko terapijo<\/strong> in za vami je obdobje, ko ste imeli na zobeh pritrjene nosilce in \u017ei\u010dke, ko ste morali redno obiskovati <strong>ortodonta<\/strong> in se dr\u017eati pravil \u010di\u0161\u010denja va\u0161ih zob in zobnega aparat. Vse to je bilo vredno va\u0161ega \u010dasa in truda ki ste ga vlo\u017eili. Danes se lahko popolnoma spro\u0161\u010deno nasmejite in svojega popolnega nasmeha se v ogledalu po vsej verjetnosti kar ne morete nagledati.<\/span><\/p>\n<p><img loading=\"lazy\" class=\"aligncenter wp-image-6875\" src=\"http:\/\/spletna-klinika.si\/zobozdravnik\/wp-content\/uploads\/2017\/03\/zobniaparat_stran2-1024x619.jpg\" alt=\"\" width=\"600\" height=\"362\" \/><\/p>\n<p><span style=\"font-size: 12pt; color: #333333;\">Seveda pa si \u017eelite, da bo va\u0161 nasmeh popoln za vedno. Torej je po ortodontskem zdravljenju in ko kon\u010dno odstranite zobni aparat potrebno obdr\u017eati zobe na svoji poziciji.<\/span><\/p>\n<h2><span style=\"color: #33cccc;\">Retencija \u2013 obvezno!<\/span><\/h2>\n<p><span style=\"font-size: 12pt;\"><span style=\"color: #333333;\">Odstranili ste <strong>zobni aparat<\/strong> in va\u0161i zobje so svobodni, v nekem svojem smislu. <strong>Ortodontsko zdravljenje<\/strong> je kon\u010dano in ne potrebujete ve\u010d zobnega aparata za izbolj\u0161anje va\u0161ega nasmeha, potrebujete pa reteiner, da bi pridobljeni nasmeh tudi obdr\u017eali. Morda niste ravno navdu\u0161eni, da morate po vsem tem \u010dasu, ko ste nosili zobni aparat sedaj nositi \u0161e reteiner, ampak to je najbolj pomemben del celotne ortodontske terapije. Dobra stran <strong>retencije<\/strong> je, da vam reteinerja ni potrebno nositi cel dan saj so reteirnerji snemljivi. Reteiner v kolikor ga boste uporabljali redno in skladno z navodili ortodonta je odli\u010dni pripomo\u010dek s katerim obdr\u017eimo va\u0161e zobe ravne in na poziciji, tako kot morajo<\/span> <span style=\"color: #333333;\">biti.<\/span><\/span><\/p>\n<p><img loading=\"lazy\" class=\"aligncenter size-full wp-image-6738\" src=\"http:\/\/spletna-klinika.si\/zobozdravnik\/wp-content\/uploads\/2017\/01\/retencija2.jpg\" alt=\"\" width=\"600\" height=\"220\" \/><\/p>\n<h2><span style=\"color: #33cccc;\">Ne ignorirajte sprememb!<\/span><\/h2>\n<p><span style=\"font-size: 12pt; color: #333333;\">V primeru, da se vam po odstranitvi <strong>zobnega aparata<\/strong> zobje iz neznanega razloga za\u010dnejo pomikati, tega ne ignorirajte. Nemudoma, ko opazite kakr\u0161nekoli spremembe pozicije va\u0161ih zob se naro\u010dite na kontrolni pregled pri <strong>ortodontu<\/strong>, saj je to lahko znak da je nekaj narobe. In v kolikor boste reagirali pravo\u010dasno lahko situacijo ocenimo in problem re\u0161imo \u0161e predno povzro\u010di morebitno \u0161kodo. To storite tudi \u010de ste v dvomih glede stanja va\u0161ih zob ali pa se vam samo dozdeva, da so se zobje premaknili. V vsakem primeru vas bomo sprejeli na kontrolni pregled in ocenili situacijo.<\/span><\/p>\n<p><img loading=\"lazy\" class=\"aligncenter size-full wp-image-6395\" src=\"https:\/\/spletna-klinika.si\/ortodont\/wp-content\/uploads\/2018\/03\/22154593_498341960524297_8772839134983744232_n.jpg\" alt=\"\" width=\"605\" height=\"531\" srcset=\"https:\/\/spletna-klinika.si\/ortodont\/wp-content\/uploads\/2018\/03\/22154593_498341960524297_8772839134983744232_n.jpg 605w, https:\/\/spletna-klinika.si\/ortodont\/wp-content\/uploads\/2018\/03\/22154593_498341960524297_8772839134983744232_n-300x263.jpg 300w\" sizes=\"(max-width: 605px) 100vw, 605px\" \/><\/p>\n<h2><span style=\"color: #33cccc;\">Kon\u010dni rezultat<\/span><\/h2>\n<p><span style=\"font-size: 12pt; color: #333333;\">Porabili ste veliko denarja in \u010dasa, da bi va\u0161 nasmeh postal popoln kot ste si vedno \u017eeleli, zato upo\u0161tevajte kar smo vam povedali po kon\u010dani<strong> ortodontski terapiji<\/strong>, dr\u017eite se navodil ortodonta, poskrbite za pravilno in redno higieno va\u0161ih zob in se redno naro\u010dajte na kontrolne preglede pri <strong>ortodontu<\/strong> in <strong>zobozdravniku<\/strong>. Va\u0161a nagrada za vse to pa bodo popolni, mo\u010dni, zdravi in lepi zobje.<\/span><\/p>\n<h2><span style=\"color: #33cccc;\">Pregled na napotnico ali samopla\u010dni\u0161ko<br \/>\n<\/span><\/h2>\n<p><span style=\"font-size: 12pt; color: #333333;\">V Centru odli\u010dnosti za ortodontijo otrokom, mladostnikom in odraslim nudimo mo\u017enost prvega brezpla\u010dnega pregleda in posveta pri ortodontu. Na pregled pri <strong>ortodontu<\/strong> se lahko naro\u010dite tukaj, \u017ee danes, <strong>brez \u010dakalne dobe<\/strong> in nepotrebnega po\u0161iljanja napotnic iz ene ambulante v drugo ambulanto. Za paciente z napotnico vpra\u0161ajte o mo\u017enostih <strong>povra\u010dila stro\u0161kov ortodontskega zdravljenja<\/strong> znotraj EU in podali vam bomo vse potrebne informacije.<\/span><\/p>\n<p><img loading=\"lazy\" class=\"aligncenter wp-image-6759\" title=\"ortodont naro\u010danje\" src=\"http:\/\/spletna-klinika.si\/zobozdravnik\/wp-content\/uploads\/2017\/03\/family_aparati-1024x440.jpg\" alt=\"\" width=\"700\" height=\"301\" \/><\/p>\n<p><span style=\"font-size: 12pt; color: #333333;\">Prvi pregled pri <strong>ortodontu<\/strong> obravnava vpra\u0161anje ortodontskega zdravljenja in takrat se naredi se klini\u010dni pregled. Najpogosteje se takoj po pregledu vzamejo tudi odtisi in fotografira se pacienta (Intraoralno in extraoralno).<\/span><\/p>\n<p style=\"text-align: center;\"><span style=\"color: #ff99cc; font-size: 18pt;\"><a style=\"color: #ff99cc;\" href=\"http:\/\/spletna-klinika.si\/contact\/\">\u017delim brezpla\u010dni pregled in posvet <\/a><\/span><\/p>\n<p><span style=\"font-size: 12pt; color: #333333;\"><strong>Ortodontija<\/strong> pa \u017ee dolgo ni ve\u010d namenjena samo otrokom, saj je z razvojem sodobnih in estetskih ortodontskih aparatov ve\u010dino nepravilnosti mogo\u010de uspe\u0161no zdraviti tudi v odraslem obdobju, celo v pozni starosti. Poleg lepega nasmeha, pravilno postavljeni zobje omogo\u010dajo bolj\u0161o ustno higieno, manj\u0161o obrabo zob, dolgoro\u010dno obstojnost, za\u0161\u010dito ter popoln in natan\u010den odnos z drugimi zobmi.<\/span><\/p>\n<p><img loading=\"lazy\" class=\"aligncenter wp-image-6825\" title=\"Ortodont pregled\" src=\"http:\/\/spletna-klinika.si\/zobozdravnik\/wp-content\/uploads\/2017\/09\/pacient_ordinacija_drp2.jpg\" alt=\"\" width=\"700\" height=\"466\" \/><\/p>\n<p><span style=\"font-size: 12pt; color: #333333;\"><strong>Ortodont<\/strong> vam bo pomagal pri oblikovanju ustreznega koncepta zdravljenja ter izbiri ustreznega <strong>zobnega aparata<\/strong>. Po analizi vseh diagnosti\u010dnih pripomo\u010dkov in zbranih podatkov, skupaj z vami izberemo individualen na\u010drt. Na\u010drt vklju\u010duje stopnje in\u00a0 metode zdravljenja ter dolo\u010da vrsto zobnega aparata.<\/span><\/p>\n<p><span style=\"font-size: 12pt; color: #333333;\">Pri izbiri <strong>zobnega aparata<\/strong> je dobro upo\u0161tevati mnenje ortodonta. <strong>Ortodont<\/strong> bo za vas izbral tehniko s katero bosta glede na va\u0161o anomalijo dosegla dobre in pri\u010dakovane rezultate. Specializirani smo za vse tehnike zobnih aparatov vklju\u010dno z modernimi nevidnimi tehnikami kot sta <strong>Invisalign<\/strong> in <strong>lingvalni zobni aparat.<\/strong><\/span><\/p>\n<p><span style=\"font-size: 12pt; color: #333333;\">Starostne meje za ortodontsko zdravljenje in no\u0161enje fiksnih ortodontskih aparatov ni. Ravni in lepi zobje so tisto, kar si \u017eelite, in naloga ortodonta je, da vam pomaga to dose\u010di.<\/span><\/p>\n<p><span style=\"color: #333333; font-size: 12pt;\">Naro\u010dite se na pregled \u017ee danes s klicem na \u0161tevilko 041 440 905 ali preko spletnega obrazca:<a href=\"http:\/\/spletna-klinika.si\/contact\/\">Naro\u010dilo na pregled . Preusmerjeno boste na novo spletno stran.<\/a><\/span><\/p>\n<p style=\"text-align: center;\"><span style=\"font-size: 12pt; color: #333333;\">Rezervirajte si termin za brezpla\u010dni pregled in posvet s klikom na spodnjo povezavo:<\/span><\/p>\n<h2 style=\"text-align: center;\"><span style=\"font-size: 18pt;\"><a href=\"http:\/\/spletna-klinika.si\/contact\/\"><span style=\"color: #ff99cc;\">\u00a0\u017delim termin za brezpla\u010dni pregled in posvet pri ortodontu<\/span><\/a><\/span><\/h2>\n<p style=\"text-align: center;\"><span style=\"color: #33cccc; font-size: 14pt;\">V obdobju od 2016 smo namestili ve\u010d kot<strong> 1000 zobnih aparatov<\/strong> in uspe\u0161no zaklju\u010dili ve\u010d kot <strong>850 ortodontskih terapij<\/strong><\/span><\/p>\n","protected":false},"excerpt":{"rendered":"<p>Kako obdr\u017eati zobe na \u00bbpravem\u00ab mestu po ortodontskem zdravljenju? \u010cestitamo! Uspe\u0161no ste zaklju\u010dili ortodontsko terapijo in za vami je obdobje, ko ste imeli na zobeh pritrjene nosilce in \u017ei\u010dke, ko ste morali redno obiskovati ortodonta in se dr\u017eati pravil \u010di\u0161\u010denja va\u0161ih zob in zobnega aparat. Vse to je bilo vredno va\u0161ega \u010dasa in truda ki [&hellip;]<\/p>\n","protected":false},"author":1,"featured_media":0,"parent":0,"menu_order":1,"comment_status":"closed","ping_status":"closed","template":"","meta":[],"yoast_head":"<!-- This site is optimized with the Yoast SEO plugin v20.6 - https:\/\/yoast.com\/wordpress\/plugins\/seo\/ -->\n<title>ZOBNI APARAT | Spletna klinika | Ortodont | Fiksni | Snemljiv<\/title>\n<meta name=\"description\" content=\"Zobni aparat za vse generacije. Klasi\u010dni, estetski, fiksni in snemljivi. Zaupalo nam je \u017ee ve\u010d kot 2000 slovencev, zaupajte nam tudi vi!\" \/>\n<meta name=\"robots\" content=\"index, follow, max-snippet:-1, max-image-preview:large, max-video-preview:-1\" \/>\n<link rel=\"canonical\" href=\"https:\/\/spletna-klinika.si\/ortodont\/zobni-aparat\/\" \/>\n<meta property=\"og:locale\" content=\"sl_SI\" \/>\n<meta property=\"og:type\" content=\"article\" \/>\n<meta property=\"og:title\" content=\"ZOBNI APARAT | Spletna klinika | Ortodont | Fiksni | Snemljiv\" \/>\n<meta property=\"og:description\" content=\"Zobni aparat za vse generacije. Klasi\u010dni, estetski, fiksni in snemljivi. Zaupalo nam je \u017ee ve\u010d kot 2000 slovencev, zaupajte nam tudi vi!\" \/>\n<meta property=\"og:url\" content=\"https:\/\/spletna-klinika.si\/ortodont\/zobni-aparat\/\" \/>\n<meta property=\"og:site_name\" content=\"Spletna klinika - Ortodont\" \/>\n<meta property=\"article:modified_time\" content=\"2023-03-03T09:17:51+00:00\" \/>\n<meta property=\"og:image\" content=\"http:\/\/spletna-klinika.si\/ortodont\/wp-content\/uploads\/2018\/04\/ortodont-za-odrasle.jpg\" \/>\n<meta name=\"twitter:card\" content=\"summary_large_image\" \/>\n<meta name=\"twitter:label1\" content=\"Est. reading time\" \/>\n\t<meta name=\"twitter:data1\" content=\"15 minut\" \/>\n<script type=\"application\/ld+json\" class=\"yoast-schema-graph\">{\"@context\":\"https:\/\/schema.org\",\"@graph\":[{\"@type\":\"WebPage\",\"@id\":\"https:\/\/spletna-klinika.si\/ortodont\/zobni-aparat\/\",\"url\":\"https:\/\/spletna-klinika.si\/ortodont\/zobni-aparat\/\",\"name\":\"ZOBNI APARAT | Spletna klinika | Ortodont | Fiksni | Snemljiv\",\"isPartOf\":{\"@id\":\"https:\/\/spletna-klinika.si\/ortodont\/#website\"},\"datePublished\":\"2013-09-11T08:36:15+00:00\",\"dateModified\":\"2023-03-03T09:17:51+00:00\",\"description\":\"Zobni aparat za vse generacije. Klasi\u010dni, estetski, fiksni in snemljivi. Zaupalo nam je \u017ee ve\u010d kot 2000 slovencev, zaupajte nam tudi vi!\",\"breadcrumb\":{\"@id\":\"https:\/\/spletna-klinika.si\/ortodont\/zobni-aparat\/#breadcrumb\"},\"inLanguage\":\"sl-SI\",\"potentialAction\":[{\"@type\":\"ReadAction\",\"target\":[\"https:\/\/spletna-klinika.si\/ortodont\/zobni-aparat\/\"]}]},{\"@type\":\"BreadcrumbList\",\"@id\":\"https:\/\/spletna-klinika.si\/ortodont\/zobni-aparat\/#breadcrumb\",\"itemListElement\":[{\"@type\":\"ListItem\",\"position\":1,\"name\":\"Home\",\"item\":\"https:\/\/spletna-klinika.si\/ortodont\/\"},{\"@type\":\"ListItem\",\"position\":2,\"name\":\"Zobni aparat\"}]},{\"@type\":\"WebSite\",\"@id\":\"https:\/\/spletna-klinika.si\/ortodont\/#website\",\"url\":\"https:\/\/spletna-klinika.si\/ortodont\/\",\"name\":\"Spletna klinika - Ortodont\",\"description\":\"\",\"potentialAction\":[{\"@type\":\"SearchAction\",\"target\":{\"@type\":\"EntryPoint\",\"urlTemplate\":\"https:\/\/spletna-klinika.si\/ortodont\/?s={search_term_string}\"},\"query-input\":\"required name=search_term_string\"}],\"inLanguage\":\"sl-SI\"}]}<\/script>\n<!-- \/ Yoast SEO plugin. -->","yoast_head_json":{"title":"ZOBNI APARAT | Spletna klinika | Ortodont | Fiksni | Snemljiv","description":"Zobni aparat za vse generacije. Klasi\u010dni, estetski, fiksni in snemljivi. Zaupalo nam je \u017ee ve\u010d kot 2000 slovencev, zaupajte nam tudi vi!","robots":{"index":"index","follow":"follow","max-snippet":"max-snippet:-1","max-image-preview":"max-image-preview:large","max-video-preview":"max-video-preview:-1"},"canonical":"https:\/\/spletna-klinika.si\/ortodont\/zobni-aparat\/","og_locale":"sl_SI","og_type":"article","og_title":"ZOBNI APARAT | Spletna klinika | Ortodont | Fiksni | Snemljiv","og_description":"Zobni aparat za vse generacije. Klasi\u010dni, estetski, fiksni in snemljivi. Zaupalo nam je \u017ee ve\u010d kot 2000 slovencev, zaupajte nam tudi vi!","og_url":"https:\/\/spletna-klinika.si\/ortodont\/zobni-aparat\/","og_site_name":"Spletna klinika - Ortodont","article_modified_time":"2023-03-03T09:17:51+00:00","og_image":[{"url":"http:\/\/spletna-klinika.si\/ortodont\/wp-content\/uploads\/2018\/04\/ortodont-za-odrasle.jpg"}],"twitter_card":"summary_large_image","twitter_misc":{"Est. reading time":"15 minut"},"schema":{"@context":"https:\/\/schema.org","@graph":[{"@type":"WebPage","@id":"https:\/\/spletna-klinika.si\/ortodont\/zobni-aparat\/","url":"https:\/\/spletna-klinika.si\/ortodont\/zobni-aparat\/","name":"ZOBNI APARAT | Spletna klinika | Ortodont | Fiksni | Snemljiv","isPartOf":{"@id":"https:\/\/spletna-klinika.si\/ortodont\/#website"},"datePublished":"2013-09-11T08:36:15+00:00","dateModified":"2023-03-03T09:17:51+00:00","description":"Zobni aparat za vse generacije. Klasi\u010dni, estetski, fiksni in snemljivi. Zaupalo nam je \u017ee ve\u010d kot 2000 slovencev, zaupajte nam tudi vi!","breadcrumb":{"@id":"https:\/\/spletna-klinika.si\/ortodont\/zobni-aparat\/#breadcrumb"},"inLanguage":"sl-SI","potentialAction":[{"@type":"ReadAction","target":["https:\/\/spletna-klinika.si\/ortodont\/zobni-aparat\/"]}]},{"@type":"BreadcrumbList","@id":"https:\/\/spletna-klinika.si\/ortodont\/zobni-aparat\/#breadcrumb","itemListElement":[{"@type":"ListItem","position":1,"name":"Home","item":"https:\/\/spletna-klinika.si\/ortodont\/"},{"@type":"ListItem","position":2,"name":"Zobni aparat"}]},{"@type":"WebSite","@id":"https:\/\/spletna-klinika.si\/ortodont\/#website","url":"https:\/\/spletna-klinika.si\/ortodont\/","name":"Spletna klinika - Ortodont","description":"","potentialAction":[{"@type":"SearchAction","target":{"@type":"EntryPoint","urlTemplate":"https:\/\/spletna-klinika.si\/ortodont\/?s={search_term_string}"},"query-input":"required name=search_term_string"}],"inLanguage":"sl-SI"}]}},"_links":{"self":[{"href":"https:\/\/spletna-klinika.si\/ortodont\/wp-json\/wp\/v2\/pages\/11"}],"collection":[{"href":"https:\/\/spletna-klinika.si\/ortodont\/wp-json\/wp\/v2\/pages"}],"about":[{"href":"https:\/\/spletna-klinika.si\/ortodont\/wp-json\/wp\/v2\/types\/page"}],"author":[{"embeddable":true,"href":"https:\/\/spletna-klinika.si\/ortodont\/wp-json\/wp\/v2\/users\/1"}],"replies":[{"embeddable":true,"href":"https:\/\/spletna-klinika.si\/ortodont\/wp-json\/wp\/v2\/comments?post=11"}],"version-history":[{"count":258,"href":"https:\/\/spletna-klinika.si\/ortodont\/wp-json\/wp\/v2\/pages\/11\/revisions"}],"predecessor-version":[{"id":7170,"href":"https:\/\/spletna-klinika.si\/ortodont\/wp-json\/wp\/v2\/pages\/11\/revisions\/7170"}],"wp:attachment":[{"href":"https:\/\/spletna-klinika.si\/ortodont\/wp-json\/wp\/v2\/media?parent=11"}],"curies":[{"name":"wp","href":"https:\/\/api.w.org\/{rel}","templated":true}]}}